What is w(-589)?
39
Let i(z) = -29*z**2 - 2347*z + 97. Give i(-81).
-65
Let l(q) = -145666*q - 1602331. What is l(-11)?
-5
Let f(d) = -87478*d - 3499101. Determine f(-40).
19
Let h(a) = -3*a**2 + 2715*a + 38449. Give h(-14).
-149
Let o(s) = 20*s**2 + 1241*s + 1322. Determine o(-61).
41
Let b(w) = 3323*w + 112957. What is b(-34)?
-25
Let l(u) = -1273*u - 17827. What is l(-14)?
-5
Let h(g) = -4*g**2 - 112*g + 5463. What is h(25)?
163
Let w(z) = 6*z**2 + 789*z - 2847. Give w(-135).
-12
Let u(l) = -5*l**3 + 668*l**2 - 360*l - 5203. Determine u(133).
-16
Let q(a) = -3*a**3 + 28*a**2 - 110*a + 544. What is q(8)?
-80
Let h(n) = 724*n + 3623. Calculate h(-5).
3
Let d(b) = b**2 - 164*b + 2696. Calculate d(13).
733
Let x(j) = j**3 - 59*j**2 + 321*j + 4480. Give x(51).
43
Let r(i) = 6*i**2 - 628*i - 4060. Determine r(-6).
-76
Let g(p) = -4052*p + 27983. Calculate g(7).
-381
Let c(j) = j**3 + 42*j**2 + 169*j + 62. Determine c(-4).
-6
Let t(p) = p**3 - 42*p**2 + 630*p - 4041. Give t(21).
-72
Let n(u) = -6*u**3 + 106*u**2 + 53*u - 351. Give n(18).
-45
Let p(c) = -c**3 - 326*c**2 + 1527*c + 632. Give p(5).
-8
Let z(c) = -c**3 - 657*c**2 + 5993*c - 27. What is z(9)?
-36
Let r(n) = 15*n**2 + 186*n - 784. Calculate r(4).
200
Let c(y) = -22*y**2 - 14*y - 29. Calculate c(4).
-437
Let a(k) = -7*k - 3592. What is a(-75)?
-3067
Let n(w) = 8*w**3 - 11*w**2 - 8*w + 101. Calculate n(-3).
-190
Let p(i) = 73*i**2 - 152*i - 622. Calculate p(4).
-62
Let x(n) = 23*n**2 - 1479*n + 4509. Calculate x(61).
-127
Let h(i) = 72*i**3 + 794*i**2 + 47*i + 27. Give h(-11).
-248
Let c(w) = -7*w**2 - 62*w - 70. Give c(-2).
26
Let b(c) = -c**3 - 53*c**2 - 271*c - 150. Determine b(-5).
5
Let b(j) = 60675*j + 1880927. Calculate b(-31).
2
Let f(m) = m**2 + 76*m - 223239. Determine f(436).
-7
Let m(v) = -21*v**2 + 108*v - 146. What is m(3)?
-11
Let d(u) = -17*u**3 - 295*u**2 + 117*u + 86. Determine d(-17).
-3637
Let m(w) = -168731*w**2 + 843659*w - 5. What is m(5)?
15
Let v(r) = 554*r**2 - 3750*r - 887. Calculate v(7).
9
Let s(w) = 2*w**2 + 77*w - 368. What is s(-29)?
-919
Let g(a) = 13*a + 1178. Determine g(0).
1178
Let i(l) = 5*l**3 - l**2 - 9*l + 29. Give i(6).
1019
Let i(q) = -324*q**2 + 1835. Give i(0).
1835
Let t(r) = 13*r**3 + 1066*r**2 - 4*r - 95. Give t(-82).
233
Let n(s) = -2846*s + 10284. Calculate n(4).
-1100
Let s(f) = -10777*f - 193847. What is s(-18)?
139
Let s(o) = 548635*o + 4389071. What is s(-8)?
-9
Let o(w) = -1382*w + 9125. Determine o(8).
-1931
Let k(z) = 12480*z - 1909544. Determine k(153).
-104
Let c(d) = 417*d - 16268. Calculate c(39).
-5
Let i(v) = -v**3 - 9*v**2 + 164*v + 996. Determine i(-15).
-114
Let y(f) = 46196*f + 646687. Calculate y(-14).
-57
Let t(u) = -207*u - 9354. Give t(-45).
-39
Let q(f) = -71*f**2 + 18022*f - 14850. Give q(253).
77
Let p(m) = -59*m**3 - 89*m**2 - 17*m + 8. Calculate p(-1).
-5
Let j(m) = 3*m**2 + 419*m + 3974. What is j(-11)?
-272
Let p(b) = -26*b**2 + 7725*b - 542756. Determine p(114).
-2
Let f(g) = -8*g**2 - 884*g - 4291. Determine f(-5).
-71
Let n(a) = -a**2 - 106*a + 111761. What is n(286)?
-351
Let o(i) = 7*i**3 + 9*i**2 - 147*i - 433. Determine o(-3).
-100
Let b(i) = 4433*i + 474313. What is b(-107)?
-18
Let a(r) = -5*r**2 + 2*r + 1628. Calculate a(25).
-1447
Let i(t) = -3*t**3 + 1598*t**2 - 1057*t - 3717. What is i(532)?
7
Let s(p) = p**3 + 227*p**2 + 9222*p + 6. Give s(-174).
6
Let t(s) = s**3 + 6252*s**2 - 68899*s + 57. Determine t(11).
-9
Let i(j) = -3*j**3 - 1434*j**2 - 2*j - 948. Calculate i(-478).
8
Let i(x) = -x**3 + 4*x**2 - 30*x - 264. Determine i(-11).
1881
Let c(n) = -96*n**2 - 591*n + 3621. What is c(-10)?
-69
Let q(z) = -266*z - 4656. Determine q(-18).
132
Let t(k) = -k**2 - 120*k - 249. What is t(-119)?
-130
Let s(l) = 16128*l + 32640. Calculate s(-2).
384
Let u(t) = -2*t**2 + 239*t + 17926. Give u(-55).
-1269
Let y(j) = 3*j**2 + 3771*j - 34002. Determine y(9).
180
Let x(i) = -22204*i + 133367. Calculate x(6).
143
Let g(q) = q**3 - 23*q**2 - 70*q + 2815. What is g(18)?
-65
Let j(p) = 3221*p - 112766. Determine j(35).
-31
Let k(o) = -3*o**3 - 11*o**2 - 85*o - 24. Calculate k(-7).
1061
Let c(w) = 6*w**3 + 692*w**2 + 249*w + 2036. Determine c(-115).
-149
Let a(v) = 3*v**2 + 7755*v + 46578. What is a(-6)?
156
Let g(v) = 12*v**3 + 278*v**2 + 944*v + 30. Give g(-4).
-66
Let l(j) = 67*j**2 + 44*j - 4. Give l(6).
2672
Let r(b) = -295*b - 45963. What is r(-151)?
-1418
Let n(j) = 24325*j + 340372. Calculate n(-14).
-178
Let s(o) = -7586*o - 15001. What is s(-2)?
171
Let t(l) = 3*l**2 - 224*l - 11849. Calculate t(-37).
546
Let k(q) = -200*q - 2011. What is k(-14)?
789
Let f(s) = -3*s**3 - 348*s**2 + 4*s + 483. What is f(-116)?
19
Let i(u) = 79754*u - 319025. Determine i(4).
-9
Let z(d) = 8*d**2 + 247*d + 425. Determine z(-30).
215
Let r(u) = 107*u + 946. What is r(-8)?
90
Let p(y) = -21*y**2 - 3391*y - 4961. Calculate p(-160).
-1
Let p(m) = -22*m**3 - m**2 + 444*m - 443. Calculate p(1).
-22
Let i(b) = 149*b + 15679. Give i(-105).
34
Let j(o) = -80*o**2 - 5358*o - 5360. What is j(-1)?
-82
Let x(o) = -847*o - 83005. What is x(-98)?
1
Let t(f) = -34*f - 315. What is t(-12)?
93
Let s(m) = 223980*m + 2687756. Give s(-12).
-4
Let y(t) = 8*t**2 + 1165*t + 10073. What is y(-9)?
236
Let z(x) = x**3 + 363*x**2 - 720*x + 3643. Determine z(-365).
-7
Let m(t) = -3*t**3 - t**2 - 1021*t + 3113. Give m(3).
-40
Let z(o) = -863*o**2 + 96657*o - 112. Determine z(112).
0
Let l(t) = -t**3 - 16*t**2 - 372*t - 2402. Calculate l(-8).
62
Let q(i) = -148*i**2 - 58*i - 17. What is q(1)?
-223
Let y(t) = -40*t**2 + 755*t - 3. Determine y(19).
-98
Let t(b) = -1460*b**2 - 20427*b + 195. Calculate t(-14).
13
Let o(a) = -29726*a + 29725. What is o(1)?
-1
Let h(a) = -21*a**2 - 569*a + 8285. Determine h(10).
495
Let z(v) = 113*v**2 - 1014*v - 1742. Calculate z(11).
777
Let r(v) = 345*v - 965. Determine r(2).
-275
Let n(i) = -9767*i**2 - 273477*i - 20. Calculate n(-28).
8
Let r(f) = -f**3 - 290*f**2 - 6391*f - 113. Give r(-24).
55
Let h(s) = s**3 + 138*s**2 - 3209*s - 105. Give h(20).
-1085
Let u(c) = -28*c**2 + 17*c + 1102. Give u(7).
-151
Let k(q) = -7*q**3 + 9*q**2 + 28*q - 8. What is k(-3)?
178
Let q(f) = 2*f**3 + 8*f - 307. What is q(0)?
-307
Let g(y) = 130523*y + 522091. What is g(-4)?
-1
Let t(z) = 25781*z + 541385. What is t(-21)?
-16
Let m(v) = v**2 + 171*v + 5502. Calculate m(-133).
448
Let c(m) = m**2 + 2186*m - 560981. What is c(232)?
-5
Let a(z) = -5*z**2 + 1648*z + 32003. Give a(348).
-13
Let x(g) = -95*g - 402. Give x(-5).
73
Let z(s) = s**2 - 206*s - 214084. Give z(-371).
-17
Let j(m) = 54*m**2 - 9178*m - 397. What is j(170)?
-57
Let c(a) = a**2 + 252*a - 3073. Calculate c(12).
95
Let q(w) = w**3 + 17*w**2 - 875*w - 12830. Calculate q(-14).
8
Let b(w) = -2*w**2 - 48*w - 247. Determine b(-20).
-87
Let d(q) = -2083*q + 12826. Calculate d(6).
328
Let b(h) = -h**2 + 300*h - 4580. What is b(17)?
231
Let y(g) = -g**2 + 2563*g + 453018. Calculate y(-166).
4
Let i(g) = 2*g**3 - 16*g**2 + 244*g + 1323. What is i(-4)?
-37
Let s(r) = 6*r**2 - 218*r + 1059. Give s(34).
583
Let c(l) = -l**2 + 197*l - 5737. Calculate c(32).
-457
Let o(x) = -71*x + 1114. What is o(-3)?
1327
Let b(a) = -7325*a**2 - 73243*a + 64. Calculate b(-10).
-6
Let v(n) = -2*n**3 + 123*n**2 + 22*n - 12125. Calculate v(60).
-5
Let b(q) = 16*q**3 + 671*q**2 - 18606*q - 41. What is b(-61)?
20
Let n(r) = -4136*r - 12876. What is n(-3)?
-468
Let g(d) = 3*d**2 + 648*d + 105. Give g(-216).
105
Let l(f) = -2*f**2 - 19875*f + 59634. Calculate l(3).
-9
Let u(x) = 3169*x + 2715828. Give u(-857).
-5
Let v(r) = -32*r**2 - 2919*r - 1099. Determine v(-91).
-462
Let p(s) = -4*s**2 - 405*s - 125. Determine p(-104).
-1269
Let b(y) = -y**3 - 110*y**2 - 212*y + 441. What is b(-108)?
9
Let r(b) = -564*b + 146690. Give r(260).
50
Let b(n) = -4599597*n - 45995968. Calculate b(-10).
2
Let v(u) = 25*u + 1916. What is v(26)?
2566
Let b(h) = -3*h**3 + 11*h**2 - 27*h + 47. Give b(6).
-367
Let l(q) = -54*q**2 - 935*q + 24. What is l(-17)?
313
Let s(d) = 2871*d - 180843. Calculate s(63).
30
Let q(d) = 3626*d - 21088. Give q(6).
668
Let b(d) = -4162*d - 366250. Calculate b(-88).
6
Let d(z) = 46*z**2 + 216*z - 359. What is d(-6)?
1
Let b(n) = 2*n**2 - 699*n + 4196. What is b(6)?
74
Let m(p) = 9*p**2 - 688*p - 1723. 